y(-28)?
18
Calculate the remainder when ((-11)/2)/((-71)/710) is divided by 23.
9
Let a(b) = b**3 - 11*b**2 - 22*b - 40. What is the remainder when 405 is divided by a(13)?
9
Suppose 5*u = -g + 55, -5*g + 4*u + 283 + 166 = 0. Let v = -17 + 39. Calculate the remainder when g is divided by v.
19
Suppose 4*l - 38 = 162. Suppose -68 = -12*r + 4. Suppose 2*u = 5*z - 61 + r, -2*z - 5*u + 51 = 0. Calculate the remainder when l is divided by z.
11
Let z(p) = 75*p + 56. What is the remainder when z(5) is divided by 87?
83
Let c be (2 - 0) + 1 - 3. Suppose -5*b + c*b + 35 = 0. Let g = 290 + -270. What is the remainder when g is divided by b?
6
Let y = -44 - -46. What is the remainder when 2 is divided by y?
0
Calculate the remainder when 244 is divided by (-51 + -11 + 11)/(-1).
40
Suppose 24*z = 25*z - 44. Let y = -37 + z. What is the remainder when 32 is divided by y?
4
Let o = 42 - -9. Calculate the remainder when 60 is divided by o.
9
Suppose 12*x = 2064 - 672. Calculate the remainder when x is divided by 17.
14
What is the remainder when 27 is divided by (-5 - -5)/2 + 14 - -3?
10
Let z be (-10)/3*(-9)/5. Suppose -20 = -z*l + 70. Calculate the remainder when 38 is divided by l.
8
Let a = -279 - -312. What is the remainder when 100 is divided by a?
1
Suppose -2*u - 19 = 9. Let n(t) = -5*t**3 + t**2 + 3*t + 3. Calculate the remainder when n(-3) is divided by (u/(-4))/((-6)/(-60)).
33
Suppose 2*p + 2 = 0, 0*j = j + 5*p + 3. What is the remainder when 31 is divided by j?
1
Let u(x) = -22*x - 5. Let d be u(-8). Suppose 325 = 5*r + 2*l, 5*l - 24 - d = -3*r. Calculate the remainder when r is divided by 22.
21
Suppose -5*o + 4*h = -286, 5*h + 128 = -2*o + 4*o. Calculate the remainder when o is divided by (-6)/(-30) + 94/5.
16
Suppose 0 = -x - x + 126. Suppose z + 5*b = -4, -5*z + 0*b = -b - 84. What is the remainder when x is divided by z?
15
Suppose -u + 5 = -m - m, 4*m = 8. Suppose -w + 80 = 4*w. Calculate the remainder when w is divided by u.
7
Suppose r = u + u + 77, 0 = -5*u - 3*r - 198. Let p = 2 - u. What is the remainder when p is divided by 11?
8
Let p(i) = 6*i**3 - 90*i**2 + 5*i - 8. What is the remainder when p(15) is divided by 23?
21
Let d = 132 + -113. Calculate the remainder when 127 is divided by d.
13
Let p(h) = 9*h**2 - 14*h - 22. Let s be p(-14). What is the remainder when (-12)/32 + s/48 is divided by 6?
4
Suppose 5*h - 5 = -0*h. Suppose r = 7 - h. Calculate the remainder when ((-126)/35)/(r/(-20)) is divided by 5.
2
Let i = 25 + -15. Let m be (i + 0)*(-6)/12. Calculate the remainder when 9 is divided by (-6)/(m + 12/4).
0
Suppose -q + 57 = -3*c, -228 = -4*q + c - 4*c. What is the remainder when q is divided by 6?
3
Let f(i) = 0 + 0 + 0 - 8 - 30*i. What is the remainder when f(-7) is divided by 41?
38
Suppose 0 = -o + 3*p + 14, 2*o + o - 4*p - 52 = 0. Suppose -4*x - 6 = -y + o, 0 = y + x - 1. Calculate the remainder when (4 - 0) + -2 + 12 is divided by y.
2
Calculate the remainder when 305 - ((-63)/7 + 16) is divided by 17.
9
Suppose 0 = -4*i - i - 240. Calculate the remainder when ((-6)/(-18))/((-2)/i) is divided by 2.
0
Suppose x + 5*r + 7 = -x, 4*x + 2*r - 26 = 0. Let g be (-12)/(-42) - (-226)/(-7). What is the remainder when 5/(10/g)*-1 is divided by x?
7
Suppose -3*p = -4*b + 1319, 5*p = 4*b + 8*p - 1289. Calculate the remainder when b is divided by 66.
62
Let u be (6/5)/((-18)/45). Let q be ((-410)/u)/(18/27). Suppose 13*d = 18*d - q. Calculate the remainder when d is divided by 21.
20
Let c = -179 + 251. What is the remainder when 279 is divided by c?
63
Suppose 106*z + 176 = 114*z. Suppose -3*w = 5*d - 337, -3*w + 46 = d - 31. Calculate the remainder when d is divided by z.
21
Let i(z) = 15*z**2 + 15*z + 19. Let d(j) = 7*j**2 + 8*j + 9. Let b(f) = -13*d(f) + 6*i(f). What is the remainder when 86 is divided by b(-11)?
26
Let p(i) = 23*i + 196. Calculate the remainder when 1139 is divided by p(-8).
11
Let l(v) = 5*v**2 + 10*v + 43. Let m(d) = -3*d**2 - 7*d - 29. Let n(c) = 5*l(c) + 8*m(c). What is the remainder when 38 is divided by n(9)?
8
Suppose 26*z - 29*z + 4*t = -45, z + t - 15 = 0. What is the remainder when 823 is divided by z?
13
Suppose -3*s + 2*r - 653 = r, 4*r = 5*s + 1086. Let y = -141 - s. Calculate the remainder when y is divided by 40.
37
Let f = 30 - 14. What is the remainder when 28 is divided by f?
12
Suppose -w + 1 = -2*w. Let j = w - -1. Suppose -2*t + j*b = 2*b - 24, 3*t - 42 = -5*b. What is the remainder when 15 is divided by t?
6
Let f(n) = -n**2 + 14*n - 5. Let i = -13 + 13. Suppose 3*o - 6*o + 36 = i. Calculate the remainder when o is divided by f(13).
4
Let g(v) = -4*v - 38. Let l be g(-8). What is the remainder when 206 is divided by (-8)/l - (-354)/18?
17
Let q(g) = g**3 - 10*g**2 - 3*g**3 - 2*g + 6*g**2 + g**3. Let n be q(-4). Suppose 2*v - 44 = -n. What is the remainder when v is divided by 5?
3
Suppose -5 = -5*y + 5*k, -2*y - 2*k - 8 = k. Let p = -21 + -2. Let i = y - p. Calculate the remainder when 42 is divided by i.
20
Let t = 5008 + -4982. Let k(v) = -2*v. What is the remainder when t is divided by k(-7)?
12
Let f(l) = 34*l**2 + 11*l - 22. What is the remainder when f(3) is divided by 53?
52
Let n(q) = 83*q + 9. What is the remainder when n(1) is divided by 34?
24
Let b = 0 + 19. Calculate the remainder when 67 is divided by b.
10
Let s = -53 - -63. What is the remainder when 46 is divided by s?
6
Let t = -72 - -122. Let u = 448 - 430. What is the remainder when t is divided by u?
14
Let p(j) = 4 + 2*j - 3*j + 8*j + 4*j**2 + 7*j. Let h(q) = -5*q**2 - 15*q - 5. Let i(v) = 5*h(v) + 6*p(v). Calculate the remainder when 22 is divided by i(7).
9
Let w be (-18)/(-4) - 5/10. Suppose 0 = -v - 3*n + 38, v - 5*n + 36 = 2*v. What is the remainder when v is divided by (7 + -5)/(w/42)?
20
Let g(t) = 5*t + 6. Let s(v) = v**3 - 7*v**2 + v - 7. Let q be s(7). Let f(j) = -j + 5. Let l be f(q). Calculate the remainder when g(l) is divided by 8.
7
Suppose -4*k + 19 = -3*k. Let i(f) = f**3 + 6*f**2 - 5*f + 17. Calculate the remainder when k is divided by i(-7).
1
Let q(y) = 4*y**2 - 1. Calculate the remainder when 325/195 - (-76)/12 is divided by q(-1).
2
Let r(a) = a**3 + 8*a**2 + 10*a - 2. What is the remainder when r(-2) is divided by 2?
0
Let d(s) = s + 1. Let i(f) = 21*f + 6. Let u(l) = -5*d(l) + i(l). Calculate the remainder when u(6) is divided by 25.
22
Let j(x) = -24*x**3 - x**2 + 4*x + 5. What is the remainder when j(-2) is divided by 17?
15
What is the remainder when ((-76)/6)/((-629)/153 - -4) is divided by 42?
30
Suppose -1 = -3*f + 3*q + 5, 0 = 3*f - 5*q - 4. Suppose -3*k + 492 = f*k. Calculate the remainder when k is divided by 17.
14
Suppose k - 6*p + 2*p - 363 = 0, -3*k + 1145 = 2*p. What is the remainder when k is divided by 97?
88
Let t(b) = -b**3 + 32*b**2 - 63*b + 122. Calculate the remainder when t(30) is divided by 26.
6
Suppose -b = b. Suppose 0 + 4 = -4*j - 4*s, b = 3*j - s - 13. Suppose j*u - 16 = u. Calculate the remainder when 13 is divided by u.
5
Suppose 12*c + 148 = 16*c. Suppose 43 = 4*s + 2*a + 5, -2*s + 4 = -4*a. Calculate the remainder when c is divided by s.
5
Let p(m) = m**3 - m**2 - 14*m + 9. What is the remainder when p(6) is divided by 16?
9
Suppose 3*g - 2*g = 27. Suppose 5*r = -q + g, -6 = r + 3*q - 17. Calculate the remainder when 58 is divided by (-1)/r - (-101)/5.
18
Let i(u) be the second derivative of -11*u**3/6 + u**2 + 4*u. Let x be i(2). Let y = x - -31. Calculate the remainder when 42 is divided by y.
9
Let w(x) = -x**3 - 41*x**2 - 156*x - 37. What is the remainder when w(-37) is divided by 26?
25
Suppose v + 116 = 3*a, -2*a = 8*v - 13*v - 60. What is the remainder when a is divided by 12?
4
Suppose h = 4*h. Suppose 3*d + c + 0*c - 33 = h, -c - 51 = -4*d. Let o = 22 + -15. Calculate the remainder when d is divided by o.
5
Let t(d) = 3*d**2 - 52*d + 115. Calculate the remainder when 165 is divided by t(15).
5
Let f = 45 - 10. Calculate the remainder when f is divided by 3.
2
Suppose 3*t = 2*k - 2, 4*t + 6*k - 12 = 5*k. Suppose -2*d + 3*x = t*x - 26, -4*d + 50 = -x. Calculate the remainder when 59 is divided by d.
11
Let q = 461 - 419. What is the remainder when 207 is divided by q?
39
What is the remainder when 164 is divided by (-1)/(10/(-1140)*2)?
50
Calculate 